
-33990
In base 5, what is -4231314 - -3303?
-4223011
In base 3, what is 1022 - 21022112120202?
-21022112112110
In base 7, what is 31202 - 1415?
26454
In base 15, what is 1164 + d2b?
1e90
In base 11, what is 20 + 47a3619?
47a3639
In base 13, what is 180727b + 2?
1807280
In base 2, what is 1010010010011111010001101111 + 111?
1010010010011111010001110110
In base 8, what is 13172056 + -3?
13172053
In base 9, what is 37 + -1340881?
-1340843
In base 3, what is 21110 + 11112212210?
11120011020
In base 6, what is 313115 - -143?
313302
In base 10, what is -59354 - -10639?
-48715
In base 3, what is 2 - 20002021012222?
-20002021012220
In base 12, what is 9206916 + -6?
9206910
In base 11, what is -1772428 - 23?
-1772450
In base 16, what is -1c39 + -38c?
-1fc5
In base 12, what is -b - -322abb5?
322aba6
In base 4, what is -2100312 - 3312133?
-12013111
In base 8, what is -64 + -6704170?
-6704254
In base 6, what is -1012200333 - 4?
-1012200341
In base 2, what is -11101 + -100110001000111011011001?
-100110001000111011110110
In base 12, what is -5 + bb528b9?
bb528b4
In base 16, what is 39 - -7a07a?
7a0b3
In base 13, what is 54c + 59a86?
5a305
In base 13, what is -12826b4 - c?
-12826c3
In base 3, what is 21101222021201 - -11?
21101222021212
In base 8, what is -25553 - -2024?
-23527
In base 13, what is 4 - 167464a?
-1674646
In base 12, what is 7b48 + -56b?
7599
In base 7, what is -14 + -1156162?
-1156206
In base 13, what is -112b29 - 24?
-112b50
In base 4, what is -23 + 103003303202?
103003303113
In base 16, what is -1e473f2 + -3?
-1e473f5
In base 10, what is -3959378 - 140?
-3959518
In base 15, what is -141c76b + -5?
-141c771
In base 12, what is -b - 19912a?
-199139
In base 5, what is 210233312 - 41?
210233221
In base 14, what is 4bc3 + 230?
5013
In base 7, what is 420 - -42635354?
42636104
In base 10, what is 1 - 6319269?
-6319268
In base 12, what is 2b9 - -a582?
a87b
In base 15, what is -31172 + bea?
-30477
In base 7, what is 1165260134 - -5?
1165260142
In base 12, what is 2 + a128a6?
a128a8
In base 15, what is -1 - 69c7b?
-69c7c
In base 9, what is 5 - 433574?
-433568
In base 4, what is -11103020 + 130321?
-10312033
In base 7, what is 12365 + 26200?
41565
In base 2, what is 10000000110010111001 + 11000?
10000000110011010001
In base 7, what is 1522500403 + -3?
1522500400
In base 3, what is -2 - 120012010022012?
-120012010022021
In base 2, what is 10 + -101100011000110110111101?
-101100011000110110111011
In base 12, what is 642296 - -7?
6422a1
In base 4, what is 203 - -12020211113?
12020211322
In base 8, what is -2221 + 17661?
15440
In base 13, what is 11 + -17703141?
-17703130
In base 13, what is -11ac - -2446?
1267
In base 10, what is 56538498 + -10?
56538488
In base 6, what is -10440 - 42031?
-52511
In base 12, what is -185ba - 1413?
-19a11
In base 10, what is 3428 + 23468?
26896
In base 11, what is -3 + 571a1723?
571a1720
In base 12, what is -62210a + 1?
-622109
In base 3, what is -211121000101222 - -21?
-211121000101201
In base 3, what is -10212 + 21011000121002?
21011000110020
In base 3, what is -210022211010122 - -2?
-210022211010120
In base 13, what is 1285 - 50140?
-4bb88
In base 14, what is 1d509 + 7c?
1d587
In base 14, what is -c21225 + 0?
-c21225
In base 9, what is 5 - -362060115?
362060121
In base 10, what is -11 + 130888?
130877
In base 8, what is -261123325 - 3?
-261123330
In base 10, what is 1 + -8708836?
-8708835
In base 14, what is -20cd0 - 48?
-20d38
In base 11, what is 53 - 137045?
-136aa2
In base 3, what is 202120000002102 + 2?
202120000002111
In base 5, what is 12224331 - 3330?
12221001
In base 6, what is 200125 - 10152?
145533
In base 13, what is -468 + 1abca?
1a762
In base 11, what is -871269 + -5?
-871273
In base 4, what is -3 + -1010012103?
-1010012112
In base 16, what is 4c81 - -9c?
4d1d
In base 14, what is -48787d + 75?
-487808
In base 9, what is 3865 - 108333?
-104357
In base 4, what is -10331 - 13322220?
-13333211
In base 16, what is -57 - 1f9431?
-1f9488
In base 11, what is 16a2a + 296?
17215
In base 15, what is -126219 + 501?
-125c18
In base 10, what is 3819 + 233?
4052
In base 5, what is 2410 + -4442130?
-4434220
In base 11, what is -a161172 + 2?
-a161170
In base 2, what is -1000001101101000011 - 10?
-1000001101101000101
In base 2, what is 100 + -1000110000110010111100000?
-1000110000110010111011100
In base 5, what is 1100 - 44001024?
-43444424
In base 2, what is 1101011111010001110101011 - -1011?
1101011111010001110110110
In base 15, what is 32217 + 31?
32248
In base 13, what is -9886144 - 0?
-9886144
In base 5, what is 143303122 + -24?
143303043
In base 5, what is 304213222 + 431?
304214203
In base 14, what is -36c1cab1 - 5?
-36c1cab6
In base 9, what is 6853 + -2110?
4743
In base 16, what is -1c0380f - -5?
-1c0380a
In base 5, what is -10 - 102320333?
-102320343
In base 16, what is 58767909 + -2?
58767907
In base 13, what is -240 + -2833?
-2a73
In base 16, what is -62f4 + -3a51?
-9d45
In base 2, what is -110010111111010000 + 1111?
-110010111111000001
In base 8, what is 2151333 + 272?
2151625
In base 11, what is -403a7a + 13?
-403a67
In base 3, what is 202111021201 - 1212?
202111012212
In base 5, what is 34121043 - 100?
34120443
In base 8, what is -3 - 636077762?
-636077765
In base 8, what is -165 + -10411265?
-10411452
In base 4, what is -10132313 - 3230?
-10202203
In base 16, what is 5 - -1285f35f?
1285f364
In base 5, what is -10112234 + -10232?
-10123021
In base 15, what is -2d + 15bd4?
15ba6
In base 3, what is -110120120 - 2022?
-110122212
In base 11, what is -853a + -30449?
-38988
In base 11, what is 3352a3a + -2a2?
3352748
In base 13, what is -cb - -65587?
65489
In base 4, what is 3130023211331 - 11?
3130023211320
In base 2, what is -110111001101 - 1001111001010010?
-1010110000011111
In base 6, what is 252242042 + -4?
252242034
In base 2, what is -1101 - -111110100110010111?
111110100110001010
In base 15, what is -707d7 + 10?
-707c7
In base 14, what is 5 + -15db1bd?
-15db1b8
In base 16, what is -234 - -2a174?
29f40
In base 8, what is -32232077 + 1?
-32232076
In base 11, what is -19457 - -286?
-19181
In base 13, what is -8 + -5891b9?
-5891c4
In base 14, what is 4463 + 13c45?
182a8
In base 3, what is -10002110 - -210222?
-2021111
In base 12, what is -361 + 19267?
18b06
In base 8, what is -7 + 25435564?
25435555
In base 8, what is -64 - 1422111?
-1422175
In base 12, what is -4 + -16383617?
-1638361b
In base 4, what is -21312 - -22102210?
22020232
In base 11, what is -92498117 - -2?
-92498115
In base 9, what is 80637531 + -11?
80637520
In base 11, what is -1 + 1274276?
1274275
In base 5, what is 124 - 11010244312?
-11010244133
In base 7, what is -2100 + -3564244?
-3566344
In base 2, what is 10110110100000000110 - -1110?
10110110100000010100
In base 8, what is -172015267 + 10?
-172015257
In base 6, what is -520303333 - 1?
-520303334
In base 3, what is -1112210021000 - 12201?
-1112210110201
In base 15, what is -8c + 18d1?
1844
In base 3, what is 1011122 - 211200112?
-210111220
In base 3, what is -112121102 - -1222?
-112112110
In base 11, what is -4909109 - 4?
-4909112
In base 12, what is 66 - b7002?
-b6b58
In base 5, what is 12113122 - 110200?
12002422
In base 11, what is 13143 - 3191?
aa62
In base 12, what is 3 - 25a1b10b?
-25a1b108
In base 13, what is 1168 - -5c69?
7104
In base 15, what is -4e2b8d - -10?
-4e2b7d
In base 11, what is 387a - 5579?
-17aa
In base 2, what is -1011010110 + -100111110100100?
-101001001111010
In base 6, what is -450413 - 4031?
-454444
In base 13, what is -5 + -2589b904?
-2589b909
In base 8, what is 34 - -547770?
550024
In base 6, what is 440353 + -13441?
422512
In base 2, what is -1111110110110010101010 + -100?
-1111110110110010101110
In base 3, what is 101 - 2220221202100101?
-2220221202100000
In base 12, what is 4 - 3267a938?
-3267a934
In base 14, what is -4c30d + -a1?
-4c3b0
In base 2, what is 10110 + 11100110000110001?
11100110001000111
In base 3, what is -201102211020112 - 2?
-201102211020121
In base 2, what is 111101101 - -100110100000111?
100111011110100
In base 8, what is 4042 + -545052?
-541010
In base 11, what is 916245 + 12?
916257
In base 11, what is 6058236 - 3?
6058233
In base 3, what is 1022 - 2000102022222?
-2000102021200
In base 16, what is -15377a25 - 4?
-15377a29
In base 8, what